(20/6)/(j/(-6)).
3
Let f(q) = -13*q + 2. Let m be f(-2). Suppose -3*g + 38 = 2*d, g = -4*g - 2*d + 58. Calculate the remainder when 3/(m/9 + -3) is divided by g.
7
Let a be 2/(((-8)/(-52))/1). Suppose -2*j = -29 - a. Let q = 2 - -59. Calculate the remainder when q is divided by j.
19
Calculate the remainder when 25 + (-4)/(12/(-3)) is divided by 7.
5
Let l = 64 - 50. Let g = 46 - 19. What is the remainder when g is divided by l?
13
Suppose 2 = 4*q - 6. Suppose 3*c - 3*a = 25 + 83, -c = q*a - 33. What is the remainder when c is divided by 9?
8
Suppose 0 = -3*y - 3*o + 27, -4*y - 9 + 45 = o. Calculate the remainder when 25 is divided by y.
7
Let b be -2 + (-99)/(1 + 2). Let l = 49 + b. Suppose 2*h - 4*a = -2*h + 12, -2*a + l = 2*h. What is the remainder when h is divided by 3?
2
Suppose -2*s - r = -0*r - 4, 0 = -3*s + 4*r + 6. Suppose 0 = -t + s*t - 36. Calculate the remainder when t is divided by 19.
17
Suppose 56 = 4*z - 0. Let b = -1 - 8. Let d = b + z. What is the remainder when 13 is divided by d?
3
Let l = -71 + 102. Calculate the remainder when l is divided by 11.
9
Let v(s) = -s**2 + 4*s + 4. Let q be v(4). Suppose -q*d - d = -120. Calculate the remainder when d is divided by 13.
11
Let y be (-56)/(-2) + (-1 - 0). Suppose -113 = 2*h + y. What is the remainder when ((-6)/(-4))/((-5)/h) is divided by 12?
9
Suppose 0 = 3*w - w - 44. Let u(i) = -5*i + 5. Calculate the remainder when u(-12) is divided by w.
21
Let v(r) = 4*r + 2. What is the remainder when 87 is divided by v(4)?
15
Let u = -13 - -24. What is the remainder when 21 is divided by u?
10
Suppose m + 5*h = 3, 2*m + 2*m - 31 = -h. Let c(o) = m*o + 0*o**2 + o**3 + 3 - 11 - 7*o**2. Calculate the remainder when c(6) is divided by 3.
1
Let m = -7 - 56. What is the remainder when 1 + (-1)/1 - m is divided by 16?
15
Suppose a + 6 = 3*f - 4*f, -f = -2*a. Let p(r) = -2*r**3 + 2*r**2 + 2*r. What is the remainder when (-2)/(-9) - (-4080)/108 is divided by p(a)?
18
Calculate the remainder when ((-492)/(-48))/(2/8) is divided by 11.
8
Let z(n) = -n**2 - n - 20. Let l be z(0). What is the remainder when 166/8 + (-5)/l is divided by 6?
3
Let d = 25 + -21. What is the remainder when ((-24)/20)/(d/(-210)) is divided by 32?
31
Let b(v) = 18*v - 3. What is the remainder when b(3) is divided by 26?
25
Let r be -1 - -2 - (2 + -64). Let p = r + -37. What is the remainder when p is divided by 9?
8
Let c = 18 + -15. Calculate the remainder when (-3)/9 - 62/(-6) is divided by c.
1
Let i = 129 + -28. Suppose 0 = -2*b - 33 + 85. Calculate the remainder when i is divided by b.
23
Let l(n) = -n**3 + 9*n**2 + 13*n - 4. Calculate the remainder when 49 is divided by l(10).
23
Suppose -7 + 1 = -2*y. Let n(p) = 2*p**3 + 10*p**2 + 6*p + 4. What is the remainder when n(-4) is divided by y?
0
Let d be ((-16)/6)/(14/(-21)). Suppose -2*i + 7 = 5*m, 2*m + 2*m - 20 = -d*i. Calculate the remainder when 11 is divided by i.
5
Suppose 7*j - 20 = 2*j. Suppose -5*r + 51 = -4*y + 1, 2*r - j*y - 20 = 0. Let o(z) = z**3 + 6*z**2 + 2. What is the remainder when o(-3) is divided by r?
9
Let z be (87/15)/(1/5). Let j = z - 15. Calculate the remainder when 41 is divided by j.
13
Let p(u) = u**3 - 6*u**2 + 3*u. What is the remainder when 70 is divided by p(6)?
16
Let u be 37 + 3/3 + -3. Suppose 5 - u = -x. What is the remainder when x is divided by 16?
14
Suppose 2*w - 4 = 0, d = -3*d + 5*w - 250. What is the remainder when (-21)/((-5)/(d/(-9))) is divided by 10?
8
Let l = -4 + 11. Let p be 626/14 + (-4)/(-14). What is the remainder when l is divided by 10/p + 34/9?
3
Suppose 0*l - 3*l = -9. Suppose 0 = -l*p + 2*p + 4. Calculate the remainder when 7 - (2 - (p + -2)) is divided by 4.
3
Suppose 2*k - 2*o = -16, -4*k + 3 + 10 = 5*o. Let g be ((-12)/(-10))/(k/10). What is the remainder when g/(-18) - 1648/(-36) is divided by 16?
14
Calculate the remainder when 95 is divided by (-312)/65*(1 - 6).
23
Let q(w) = -w**3 + 18*w**2 + 2*w - 18. Suppose 3*r - 196 = 17. What is the remainder when r is divided by q(18)?
17
Let s be -1*0/(1 - 0). Suppose -3*d + s = 4*w - 1, -5*w - 3*d = -5. Suppose -14 = -6*x + w*x. What is the remainder when 12 is divided by x?
5
Let l = 62 - 34. Calculate the remainder when (-32)/2*(-14)/l is divided by 6.
2
Suppose 0*b = -6*b + 324. What is the remainder when b is divided by 8?
6
Let x(y) = 2*y + 2. Let s be x(2). Suppose 7*m = 4*m + s. Let a(u) = -u**3 + 11*u**2 + 11*u + 15. Calculate the remainder when a(12) is divided by m.
1
Let a(w) = 2*w**2 + 5*w + 4. What is the remainder when 18 is divided by a(-3)?
4
Let o(b) = 2*b - 1. Let p be o(3). Suppose -p*m = 3*s - 30, m + 3 - 9 = -4*s. Suppose 0*c - 5*c + 110 = 0. Calculate the remainder when c is divided by m.
4
Let l(y) = y**3 + 3*y**2 - 3*y + 2. Let i be l(-4). Suppose -3 = -3*x + 33. What is the remainder when (-348)/(-15) + i/10 is divided by x?
11
Calculate the remainder when 22 is divided by ((-13)/(-39))/((-2)/(-48)).
6
Suppose -2*x = -3*u + 8*u - 43, 4*x - 131 = 5*u. What is the remainder when x is divided by 10?
9
Let u(y) = 113*y**2 + 2*y + 2. Calculate the remainder when u(-1) is divided by 23.
21
Let u(n) = 3*n - 1. Calculate the remainder when 13 is divided by u(2).
3
Let c(o) = 2*o**2 - 2*o - 1. Let z be c(-1). Suppose 4*q - z*q - 17 = 0. What is the remainder when q is divided by 9?
8
Calculate the remainder when 51 is divided by (4/((-4)/(-13)))/((-4)/(-8)).
25
Suppose -121 = -5*r + 69. Calculate the remainder when r is divided by 23.
15
Suppose 4*o = -5*t + 20, -t = -3*o + 7*o - 20. Let b(p) = p + t + 0 + 2 + p. What is the remainder when b(8) is divided by 5?
3
Suppose -3*o + 4*m = -15 - 60, 4*m = -3*o + 51. Calculate the remainder when o is divided by 6.
3
Suppose 1 + 1 = -5*z + 4*y, 21 = 3*z + 5*y. Suppose -n + 2 = -z*n. Calculate the remainder when 43 is divided by (-1 - n)*(1 + 14).
13
Let m(h) = -h + 9. Let a be m(5). Suppose -a*f + 202 = -138. Calculate the remainder when f is divided by 29.
27
Let c = -12 + 11. Let x(i) = -13*i**3 - 2*i - 1. Calculate the remainder when 40 is divided by x(c).
12
Let j be (2/(-5))/(2/(-300)). Suppose 13 + 43 = -2*b. Let v = b + j. Calculate the remainder when v is divided by 17.
15
Let v be (-4)/(-6) + 6/(-9). Suppose v = -5*k + k + 72. Calculate the remainder when (-4)/(-6) + 200/6 is divided by k.
16
Let r = 19 - 18. Calculate the remainder when 3 is divided by r.
0
Let h(d) be the third derivative of d**6/120 - 3*d**5/20 + d**4/24 - 2*d**3/3 - 2*d**2. Let m = 17 - 8. Calculate the remainder when m is divided by h(9).
4
Suppose -2*m + 262 = 3*d, 41 = d + 4*m - 53. Suppose 0 = 5*b - b - l - d, -l = -2*b + 42. Calculate the remainder when b is divided by 8.
6
Let o(f) = f**2 + 0*f**2 - 4*f**2 + 15 + 2*f**2. Let d be o(0). Suppose -3*q + 0*q + d = 0. Calculate the remainder when q is divided by 4.
1
Suppose -4*s - q + 0*q + 18 = 0, -2*q = -s. Suppose -3*z - d + 164 = 0, -284 = -z - s*z + d. What is the remainder when z is divided by -1 - (18/(-1) + -2)?
18
Let l be -2*((-252)/8)/7. Suppose 0 = -l*i + 7*i + 28. Calculate the remainder when i is divided by 6.
2
What is the remainder when ((-2)/(-8))/(-2 + (-946)/(-472)) is divided by 15?
14
Suppose -n + 51 = 4*k + 1, -2*k - 90 = -2*n. Let m = 68 - n. What is the remainder when m is divided by 12?
10
Suppose -4*i - 15 - 20 = -k, -3*k + 121 = -4*i. What is the remainder when k is divided by 15?
13
Calculate the remainder when (2/(-3))/((-16)/1944) is divided by 28.
25
Let m(g) = -g**2 - 10*g - 14. Let w be m(-10). Let p = 23 + w. Calculate the remainder when 25 is divided by p.
7
Suppose 5*a - 20 = 70. Suppose -u - u = -a. What is the remainder when u is divided by 3?
0
Suppose -w + 2*a = -4*w - 25, -2*w - 16 = 2*a. Let x(z) = -z**2 - 17*z - 11. What is the remainder when x(w) is divided by 16?
13
Let d(j) = 30*j**2 - j + 1. Let a be d(1). Let b = a - 19. Calculate the remainder when b is divided by 4.
3
Suppose 1 = 3*g + 2*r - 54, 5*g - 80 = -r. What is the remainder when g is divided by 4?
3
Suppose d = 3 - 0. Suppose 5*o - 3*c - 22 = -2*c, -2*c - 16 = -d*o. Let z(r) = -r**3 + 5*r**2 + 3*r - 5. Calculate the remainder when z(o) is divided by 8.
7
Let w be 1*3/6*-20. What is the remainder when (186/15)/((-4)/w) is divided by 8?
7
Suppose -12*r + 162 = -210